20, 0 = -4*o + 12. Suppose -5*w + 77 = r*d - 6*w, 3*w + 135 = 5*d. What is the tens digit of d?
2
Let j = -47698 - -74934. What is the thousands digit of j?
7
Let u = 1058 - 436. Let a = 1125 - u. What is the units digit of a?
3
Suppose 17*u + 2 = -15. What is the tens digit of -2 - 0 - (u - 651)?
5
Let p(j) = -7*j**2 + 6*j - 5. Let f(z) = 20*z**2 - 17*z + 18. Let m(y) = 6*f(y) + 17*p(y). Let s = -9 + 19. What is the units digit of m(s)?
3
Let z(s) = 13427*s**2 - 118*s + 117. What is the thousands digit of z(1)?
3
Let r be (-29071)/(-4) + 3/(-4). Suppose 131*v + r = 144*v. What is the units digit of v?
9
Let v = 20291 + -19668. What is the tens digit of v?
2
Suppose -2*s + 6 = -2*k, 5*s + 2*k + 1 + 5 = 0. Suppose s = -338*h + 341*h - 1179. What is the hundreds digit of h?
3
Let s(k) = 22*k**2 + 10*k - 4. Let f be 15/12*(-32)/(-20). What is the units digit of s(f)?
4
Suppose -7*k = 5*k - 3012. Let f = 49 + k. What is the hundreds digit of f?
3
What is the thousands digit of 4765 - (5 - (10 + -4))?
4
Suppose 2*w = 4*w - 524. Suppose 1447 = 5*t + 2*c, -w - 1179 = -5*t + 4*c. What is the units digit of t?
9
Suppose 43*z - 17508 = 165. Suppose 31*c + z = 15849. What is the units digit of c?
8
Suppose 4*v = v + 3*z + 6, -5*v - 4*z + 37 = 0. Suppose 234 = 2*s - 3*n, -v*s = -4*s + 4*n - 139. Let q = s - 35. What is the units digit of q?
8
Suppose 4*t + 3*k - 861 = 0, 0 = k + 4*k - 15. Let j be 300 - (3 - (3 - -1)). Let r = j - t. What is the units digit of r?
8
Suppose 14934*c - 14890*c = 2587552. What is the tens digit of c?
0
Suppose -4*p = -3*y - 16878, 395*p = 394*p - 3*y + 4197. What is the hundreds digit of p?
2
Let c = 4094 - 6220. Let n = c + 3806. What is the tens digit of n?
8
Let n(o) = -o**2 - 8*o + 11. Let t(s) = -2 - s**2 + 7 + 7 - 9*s - 2. Let p(g) = -5*n(g) + 6*t(g). What is the tens digit of p(-6)?
5
Suppose 0 = 4*b - 4*r - 36, -b + 2*r + 2 + 3 = 0. What is the hundreds digit of (-4 + b)/(24/704)?
2
Let r = -50 + 130. Let i = -33 + r. What is the tens digit of i?
4
Suppose 296*t = 297*t - 469. What is the units digit of t?
9
What is the hundreds digit of 2*((-33)/55)/(48/(-2818280))?
4
Suppose -5*d = 3*u - 645, 0 = 3*d - 2*d + 2*u - 122. Let z = 45 + d. What is the units digit of z?
7
Suppose 8*a + a - 90 = 0. Let b(v) = v**2 - 15*v - 11. Let m be b(a). Let s = 65 - m. What is the hundreds digit of s?
1
Let z be (-4 - -1) + 8 + -2. Suppose 3*c + z = 150. Let l = 76 - c. What is the units digit of l?
7
Let w(h) = -88*h + 1369. What is the units digit of w(-53)?
3
Suppose 5*u = 2*r + 5810 + 1381, 2*u - r = 2877. Suppose -5*y + u = 3*a, -4*y + 3*a = -y - 843. What is the hundreds digit of y?
2
Let q(f) = 43*f**3 + f - 8. Let o be q(2). What is the units digit of o - (-3 + 0)*-1?
5
Suppose 0 = -2*z + 11*z - 18. What is the tens digit of ((-10726)/(-10) - z) + 68/170?
7
Suppose 62 = -b - 30*b. What is the tens digit of 89 + (b - 2) + 4?
8
Let c(x) = -135*x + 2586. What is the ten thousands digit of c(-104)?
1
What is the ten thousands digit of 5 + (43414 - -6) - ((-30)/(-3) + -6)?
4
Let q(v) = 2*v**2 - 15*v - 3. Let h be q(8). Suppose -2*o + 5*l = 34 + 9, -4*l = -h*o - 65. Let a(c) = -12*c - 10. What is the tens digit of a(o)?
9
Let n(f) = -f - 1. Let b be n(-5). Suppose -8*z + b*z = 0. Suppose 5*w - 410 = -z*w. What is the units digit of w?
2
Let i = -39 - -34. Let s(o) = -46*o**2 + 2*o - 4. Let p(d) = -45*d**2 + 2*d - 3. Let h(w) = i*p(w) + 4*s(w). What is the tens digit of h(2)?
5
Let o be 1/(-4) + 9/4. Let f be (-9180)/(-578) + (-2)/(-17). What is the tens digit of (6/(-4) - (-2280)/f) + o?
4
Let l = 97994 + -64091. What is the ten thousands digit of l?
3
Let f(q) = 3*q**2 + 3*q + 33. Suppose 90*t - 97*t = 105. What is the hundreds digit of f(t)?
6
Let u(h) = 5*h - 485. Let l be u(93). Suppose 0 = -4*i + 5*f + 19, 6 = 4*f + 2. Let a = i - l. What is the tens digit of a?
2
Let y = -79 + 69. Let d be 0/(-2) - (-2)/(y/(-15)). Suppose -5*x + 114 = -d*z, -5*x - 3*z + 108 = -4*z. What is the tens digit of x?
2
Suppose 197 - 27 = 5*h. What is the units digit of (-98230)/(-323) - (4/h - 0)?
4
Suppose 3*f - 372 = 81. Let z = f + -38. Suppose 259 = 6*x - z. What is the tens digit of x?
6
Suppose 3*g + 5*d + 1435 = 7*g, 5*g = 4*d + 1805. Suppose 7*w - 3*w = 2*k - 152, g = 5*k - 5*w. What is the units digit of k?
0
Let f be (1/5)/(30/750). Suppose 0 = f*o + 2*v - 1726 + 222, -4*o + 3*v = -1194. What is the units digit of o?
0
Let k be (30/9)/(0 - 1)*3. Let w(i) = i**2 + 8*i - 9. Let h be w(k). Let b(n) = n**2 - 5*n - 5. What is the tens digit of b(h)?
6
Let w(p) = -5 - 9*p + 16 + 43*p + 3. Let g be w(6). Suppose -3*r = -4 - g. What is the tens digit of r?
7
Suppose 0 = -18*b + 11*b + 4550. Suppose 8*r - b = 526. Suppose g - 2 = r. What is the hundreds digit of g?
1
Let g(x) = -10*x**2 - 11*x**2 + 1 + 36*x**2 - 15*x - 3*x**3 + 4*x**3. Let l be g(-16). What is the tens digit of l/90 - 91/(-6)?
1
Suppose 0 = -2*b - h + 728, -5*b = -0*b - h - 1813. What is the units digit of b?
3
Suppose 4*l = 4 + 40. Let w(s) = s**2 - 11*s + 3. What is the units digit of w(l)?
3
Let r(f) = 17*f**3 - f**2 + 3*f - 3. Let m(w) = 3*w**2 + 6*w - 22. Let p be m(2). What is the tens digit of r(p)?
3
Let w be 2/(-11) + (-33762)/(-561). Suppose w = 6*r - 0. What is the tens digit of r?
1
Suppose 0 = -4*x - 16, -3*v + 46 = -2*v + x. Let m be ((-128)/(-5) - 0)/((-5)/v). Let u = -165 - m. What is the units digit of u?
1
What is the hundreds digit of ((2/8)/((-4)/(-24)))/((-10)/(-46320))?
9
Suppose 5*k + 43 = 3. Let p be k/(-6 + 2)*(-6)/(-4). What is the hundreds digit of (p - (-4 + 3))*340/8?
1
Suppose -u = -4*m + 8, -594*u + 599*u = 4*m + 8. Let q(s) = -134*s + 14. Let a(o) = -27*o + 3. Let p(g) = -11*a(g) + 2*q(g). What is the units digit of p(m)?
2
Let f(c) = -15*c + 15*c + 12*c - 3 + 68. What is the tens digit of f(-4)?
1
Suppose 0 = 11*u + u - 60. Suppose u*r - 2394 = -r. Suppose -5*z = 3*o - r, 116 = o - 2*z - 2*z. What is the hundreds digit of o?
1
Let d = -2294 - -12544. What is the thousands digit of d?
0
Let c(q) = q**3 + 3*q**2 + 18*q - 19. Let y be c(8). Let n = 1330 - y. Let g = -306 + n. What is the hundreds digit of g?
1
Let o(j) = 19*j**3 - 54*j**3 - 8 + 2*j**2 + 5*j + 13*j**3 + 23*j**3. What is the tens digit of o(6)?
1
What is the tens digit of 21/((-672)/80)*-1283 + 1/2?
0
What is the tens digit of ((-2336)/12)/((7/(-210))/1)?
4
Let g(k) = -12*k**3 + k**2 - k - 1. Let v(j) be the second derivative of -j**3/2 - 29*j**2/2 - 17*j. Let t be v(-9). What is the tens digit of g(t)?
0
Let t(z) = z**2 + 17*z + 17. Let q be t(-23). Let b = -8 + q. What is the hundreds digit of b?
1
Suppose 23*d = 19*d - 820. Let h = 239 + d. What is the units digit of h?
4
Let h = 74150 - 49148. What is the thousands digit of h?
5
Let s be (-214)/(5 + (-34)/6). Suppose 4*f = u + 697, 5*u = -2*f - 0*u + s. What is the hundreds digit of f?
1
Suppose 106*v - 9604058 = -221*v + 3340564. What is the tens digit of v?
8
Let p be 3/(-9) + (-67)/(-3) + 0. Let t = 23 - p. Let i(l) = 95*l**2 - 2*l + 2. What is the units digit of i(t)?
5
Let c(j) = 5*j**2 - 73*j - 33. What is the thousands digit of c(-40)?
0
Let t be (0 + 3)/(5 + -6). Let n(b) = -41 - 5*b + 11*b**2 - 44 + 118 - 36. What is the tens digit of n(t)?
1
Let d = -47 + 147. Suppose 0 = 94*u - d*u + 24. Suppose y + 55 = 2*y + 4*n, 288 = u*y - n. What is the tens digit of y?
7
Let q = -12386 - -17712. What is the hundreds digit of q?
3
Suppose -30*m - 145*m + 1546426 - 316351 = 0. What is the hundreds digit of m?
0
Suppose 0 = -o - n + 9, -o + 0*o = 2*n - 14. Suppose 0 = 2*p + 2*p - 5*q - 192, -o*p + 3*q = -184. Let s = -14 + p. What is the units digit of s?
9
Suppose 14*u + 45 = 23*u. Suppose -10 = u*a - 865. What is the hundreds digit of a?
1
Suppose -6*m = -2*m - 12. Suppose -w + 3 = -0*w, 3*d - m*w = 126. Suppose -3*p = d - 228. What is the tens digit of p?
6
Let v(c) = 245*c**2 + 479*c - 6. What is the thousands digit of v(6)?
1
Suppose -2*c = -2, c - 76 = 2*h + 85. What is the units digit of 3246/5*(-200)/h?
3
What is the units digit of (-17)/(-34) - (-349860)/40?
7
Let p = 77 - -17. Suppose 9*s - 11*s + p = 0. What is the units digit of s?
7
Suppose 80*t = 2*o + 81*t - 2514, 2*t + 6285 = 5*o. What is the hundreds digit of o?
2
S